{"id":10174,"date":"2025-08-15T13:24:29","date_gmt":"2025-08-15T11:24:29","guid":{"rendered":"https:\/\/fogecnew.serviceplus-llg.com\/?page_id=10174"},"modified":"2025-08-15T13:24:29","modified_gmt":"2025-08-15T11:24:29","slug":"decrets-et-ordonnances","status":"publish","type":"page","link":"https:\/\/fogec.cd\/portal\/cadre-juridique\/decrets-et-ordonnances\/","title":{"rendered":"D\u00e9crets et Ordonnances"},"content":{"rendered":"\t\t<div data-elementor-type=\"wp-page\" data-elementor-id=\"10174\" class=\"elementor elementor-10174\">\n\t\t\t\t\t\t<section class=\"elementor-section elementor-top-section elementor-element elementor-element-4284414 elementor-section-stretched elementor-section-boxed elementor-section-height-default elementor-section-height-default\" data-id=\"4284414\" data-element_type=\"section\" data-settings=\"{&quot;stretch_section&quot;:&quot;section-stretched&quot;}\">\n\t\t\t\t\t\t<div class=\"elementor-container elementor-column-gap-default\">\n\t\t\t\t\t<div class=\"elementor-column elementor-col-100 elementor-top-column elementor-element elementor-element-f797ed5\" data-id=\"f797ed5\" data-element_type=\"column\">\n\t\t\t<div class=\"elementor-widget-wrap elementor-element-populated\">\n\t\t\t\t\t\t<section class=\"elementor-section elementor-inner-section elementor-element elementor-element-03b0376 elementor-section-boxed elementor-section-height-default elementor-section-height-default\" data-id=\"03b0376\" data-element_type=\"section\">\n\t\t\t\t\t\t<div class=\"elementor-container elementor-column-gap-default\">\n\t\t\t\t\t<div class=\"elementor-column elementor-col-100 elementor-inner-column elementor-element elementor-element-8b51caf\" data-id=\"8b51caf\" data-element_type=\"column\">\n\t\t\t<div class=\"elementor-widget-wrap elementor-element-populated\">\n\t\t\t\t\t\t<div class=\"elementor-element elementor-element-780f5be elementor-invisible elementor-widget elementor-widget-mo-heading-block\" data-id=\"780f5be\" data-element_type=\"widget\" data-settings=\"{&quot;_animation&quot;:&quot;fadeInDown&quot;}\" data-widget_type=\"mo-heading-block.default\">\n\t\t\t\t<div class=\"elementor-widget-container\">\n\t\t\t\t\t<div class=\"mo-element-mo-heading-block mo-element\">   <div class=\"mo-title-box title-box-style-4 text-left\">\n      <div class=\"content-inner\">\n           \n                     <h3 class=\"title\">Cadre L\u00e9gal et Vision Pr\u00e9sidentielle<\/h3>\n                        <\/div>\n   <\/div>\n   <div class=\"clearfix\"><\/div><\/div>\t\t\t\t<\/div>\n\t\t\t\t<\/div>\n\t\t\t\t<div class=\"elementor-element elementor-element-aec060b elementor-widget elementor-widget-spacer\" data-id=\"aec060b\" data-element_type=\"widget\" data-widget_type=\"spacer.default\">\n\t\t\t\t\t\t\t<div class=\"elementor-spacer\">\n\t\t\t<div class=\"elementor-spacer-inner\"><\/div>\n\t\t<\/div>\n\t\t\t\t\t\t<\/div>\n\t\t\t\t<div class=\"elementor-element elementor-element-139af38 elementor-invisible elementor-widget elementor-widget-text-editor\" data-id=\"139af38\" data-element_type=\"widget\" data-settings=\"{&quot;_animation&quot;:&quot;fadeInLeft&quot;}\" data-widget_type=\"text-editor.default\">\n\t\t\t\t\t\t\t\t\t<p data-start=\"160\" data-end=\"629\">Le Fonds de Garantie de l\u2019Entrepreneuriat au Congo (FOGEC) est n\u00e9 d\u2019une volont\u00e9 forte : lib\u00e9rer le potentiel des entrepreneurs congolais et transformer le paysage \u00e9conomique national.<br data-start=\"347\" data-end=\"350\" \/>Cr\u00e9\u00e9 par le D\u00e9cret n\u00b020\/032 du 31 octobre 2020, sous la vision \u00e9clair\u00e9e de Son Excellence Monsieur F\u00e9lix-Antoine TSHISEKEDI TSHILOMBO, Chef de l\u2019\u00c9tat, le FOGEC s\u2019inscrit dans le cadre du Programme National de D\u00e9veloppement de l\u2019Entrepreneuriat Congolais (PRONADEC).<\/p><p data-start=\"631\" data-end=\"1014\">Ce texte fondateur conf\u00e8re au FOGEC un statut d\u2019\u00e9tablissement public \u00e0 caract\u00e8re technique, financier et social, dot\u00e9 d\u2019une personnalit\u00e9 juridique et d\u2019une autonomie administrative et financi\u00e8re.<br data-start=\"830\" data-end=\"833\" \/>Sa mission : garantir et faciliter l\u2019acc\u00e8s au financement pour les start-ups, MPME et artisans congolais, en catalysant l\u2019innovation, l\u2019emploi et la cr\u00e9ation de valeur locale.<\/p><p data-start=\"1016\" data-end=\"1406\">L\u2019Ordonnance pr\u00e9sidentielle portant nomination du Mandataire vient renforcer cette dynamique en confiant les r\u00eanes \u00e0 une gouvernance engag\u00e9e, visionnaire et r\u00e9solument tourn\u00e9e vers l\u2019impact.<br data-start=\"1210\" data-end=\"1213\" \/>Sous cette direction, le FOGEC agit comme un levier strat\u00e9gique, align\u00e9 sur les politiques nationales, pour construire une classe moyenne forte et un tissu entrepreneurial comp\u00e9titif.<\/p><p data-start=\"1408\" data-end=\"1538\">Avec le FOGEC, la loi et la vision pr\u00e9sidentielle se conjuguent pour transformer l\u2019ambition des Congolais en succ\u00e8s concret.<\/p>\t\t\t\t\t\t\t\t<\/div>\n\t\t\t\t\t<\/div>\n\t\t<\/div>\n\t\t\t\t\t<\/div>\n\t\t<\/section>\n\t\t\t\t\t<\/div>\n\t\t<\/div>\n\t\t\t\t\t<\/div>\n\t\t<\/section>\n\t\t\t\t<section class=\"elementor-section elementor-top-section elementor-element elementor-element-dc0128e elementor-section-boxed elementor-section-height-default elementor-section-height-default\" data-id=\"dc0128e\" data-element_type=\"section\">\n\t\t\t\t\t\t<div class=\"elementor-container elementor-column-gap-default\">\n\t\t\t\t\t<div class=\"elementor-column elementor-col-100 elementor-top-column elementor-element elementor-element-3a49a8d\" data-id=\"3a49a8d\" data-element_type=\"column\">\n\t\t\t<div class=\"elementor-widget-wrap elementor-element-populated\">\n\t\t\t\t\t\t<section class=\"elementor-section elementor-inner-section elementor-element elementor-element-1e498b1 elementor-section-boxed elementor-section-height-default elementor-section-height-default\" data-id=\"1e498b1\" data-element_type=\"section\">\n\t\t\t\t\t\t<div class=\"elementor-container elementor-column-gap-default\">\n\t\t\t\t\t<div class=\"elementor-column elementor-col-50 elementor-inner-column elementor-element elementor-element-1e0cb2d\" data-id=\"1e0cb2d\" data-element_type=\"column\">\n\t\t\t<div class=\"elementor-widget-wrap elementor-element-populated\">\n\t\t\t\t\t\t<div class=\"elementor-element elementor-element-e97af7d elementor-widget elementor-widget-mo-icon-box\" data-id=\"e97af7d\" data-element_type=\"widget\" data-widget_type=\"mo-icon-box.default\">\n\t\t\t\t<div class=\"elementor-widget-container\">\n\t\t\t\t\t<div class=\"mo-element-mo-icon-box mo-element\"><div class=\"service iconbox icon-box-style6\">\n   <div class=\"content-inner\">\n      <div class=\"icon-wrap\"><svg aria-hidden=\"true\" class=\"icon e-font-icon-svg e-fas-file-pdf\" viewBox=\"0 0 384 512\" xmlns=\"http:\/\/www.w3.org\/2000\/svg\"><path d=\"M181.9 256.1c-5-16-4.9-46.9-2-46.9 8.4 0 7.6 36.9 2 46.9zm-1.7 47.2c-7.7 20.2-17.3 43.3-28.4 62.7 18.3-7 39-17.2 62.9-21.9-12.7-9.6-24.9-23.4-34.5-40.8zM86.1 428.1c0 .8 13.2-5.4 34.9-40.2-6.7 6.3-29.1 24.5-34.9 40.2zM248 160h136v328c0 13.3-10.7 24-24 24H24c-13.3 0-24-10.7-24-24V24C0 10.7 10.7 0 24 0h200v136c0 13.2 10.8 24 24 24zm-8 171.8c-20-12.2-33.3-29-42.7-53.8 4.5-18.5 11.6-46.6 6.2-64.2-4.7-29.4-42.4-26.5-47.8-6.8-5 18.3-.4 44.1 8.1 77-11.6 27.6-28.7 64.6-40.8 85.8-.1 0-.1.1-.2.1-27.1 13.9-73.6 44.5-54.5 68 5.6 6.9 16 10 21.5 10 17.9 0 35.7-18 61.1-61.8 25.8-8.5 54.1-19.1 79-23.2 21.7 11.8 47.1 19.5 64 19.5 29.2 0 31.2-32 19.7-43.4-13.9-13.6-54.3-9.7-73.6-7.2zM377 105L279 7c-4.5-4.5-10.6-7-17-7h-6v128h128v-6.1c0-6.3-2.5-12.4-7-16.9zm-74.1 255.3c4.1-2.7-2.5-11.9-42.8-9 37.1 15.8 42.8 9 42.8 9z\"><\/path><\/svg><\/div>\n      <div class=\"title-wrap\">\n         <h6  class=\"title\" data-title=\"D\u00e9cret portant cr\u00e9ation du FOGEC\"><span>D\u00e9cret portant cr\u00e9ation du FOGEC<\/span><\/h6>\t\n          <div class=\"content\">N\u00b020\/032 du 31\/10\/2020 \n<\/div>         <a class=\"button btn-txt btn-txt-arrow2 dark hr_dark\" href=\"https:\/\/fogecnew.serviceplus-llg.com\/wp-content\/uploads\/2025\/08\/DECRET-CREATION-FOGEC-JO.01.12.2020.pdf\" target=\"_blank\"><span class=\"mo_module_button__container\"><span class=\"mo_module_button__cover front\"><span class=\"mo_btn_text front\">T\u00e9l\u00e9chargez <\/span><\/span><span class=\"arrows\"><span class=\"arrow\"><svg xmlns=\"http:\/\/www.w3.org\/2000\/svg\" xmlns:xlink=\"http:\/\/www.w3.org\/1999\/xlink\" x=\"0px\" y=\"0px\" width=\"30px\" height=\"18px\" viewBox=\"0 0 30 18\" enable-background=\"new 0 0 30 18\" xml:space=\"preserve\"><path class=\"handle\" d=\"M20.305,16.212c-0.407,0.409-0.407,1.071,0,1.479s1.068,0.408,1.476,0l7.914-7.952c0.408-0.409,0.408-1.071,0-1.481l-7.914-7.952c-0.407-0.409-1.068-0.409-1.476,0s-0.407,1.071,0,1.48l7.185,7.221L20.305,16.212z\"><\/path><path class=\"bar\" fill-rule=\"evenodd\" clip-rule=\"evenodd\" d=\"M1,8h28.001c0.551,0,1,0.448,1,1c0,0.553-0.449,1-1,1H1c-0.553,0-1-0.447-1-1C0,8.448,0.447,8,1,8z\"><\/path><\/svg> <svg xmlns=\"http:\/\/www.w3.org\/2000\/svg\" xmlns:xlink=\"http:\/\/www.w3.org\/1999\/xlink\" x=\"0px\" y=\"0px\" width=\"30px\" height=\"18px\" viewBox=\"0 0 30 18\" enable-background=\"new 0 0 30 18\" xml:space=\"preserve\"><path class=\"handle\" d=\"M20.305,16.212c-0.407,0.409-0.407,1.071,0,1.479s1.068,0.408,1.476,0l7.914-7.952c0.408-0.409,0.408-1.071,0-1.481l-7.914-7.952c-0.407-0.409-1.068-0.409-1.476,0s-0.407,1.071,0,1.48l7.185,7.221L20.305,16.212z\"><\/path><path class=\"bar\" fill-rule=\"evenodd\" clip-rule=\"evenodd\" d=\"M1,8h28.001c0.551,0,1,0.448,1,1c0,0.553-0.449,1-1,1H1c-0.553,0-1-0.447-1-1C0,8.448,0.447,8,1,8z\"><\/path><\/svg><\/span><\/span><\/span><\/a>      <\/div>\n   <\/div>   \n<\/div><\/div>\t\t\t\t<\/div>\n\t\t\t\t<\/div>\n\t\t\t\t\t<\/div>\n\t\t<\/div>\n\t\t\t\t<div class=\"elementor-column elementor-col-50 elementor-inner-column elementor-element elementor-element-2a45b88\" data-id=\"2a45b88\" data-element_type=\"column\">\n\t\t\t<div class=\"elementor-widget-wrap elementor-element-populated\">\n\t\t\t\t\t\t<div class=\"elementor-element elementor-element-4bffdc6 elementor-widget elementor-widget-mo-icon-box\" data-id=\"4bffdc6\" data-element_type=\"widget\" data-widget_type=\"mo-icon-box.default\">\n\t\t\t\t<div class=\"elementor-widget-container\">\n\t\t\t\t\t<div class=\"mo-element-mo-icon-box mo-element\"><div class=\"service iconbox icon-box-style6\">\n   <div class=\"content-inner\">\n      <div class=\"icon-wrap\"><svg aria-hidden=\"true\" class=\"icon e-font-icon-svg e-fas-file-pdf\" viewBox=\"0 0 384 512\" xmlns=\"http:\/\/www.w3.org\/2000\/svg\"><path d=\"M181.9 256.1c-5-16-4.9-46.9-2-46.9 8.4 0 7.6 36.9 2 46.9zm-1.7 47.2c-7.7 20.2-17.3 43.3-28.4 62.7 18.3-7 39-17.2 62.9-21.9-12.7-9.6-24.9-23.4-34.5-40.8zM86.1 428.1c0 .8 13.2-5.4 34.9-40.2-6.7 6.3-29.1 24.5-34.9 40.2zM248 160h136v328c0 13.3-10.7 24-24 24H24c-13.3 0-24-10.7-24-24V24C0 10.7 10.7 0 24 0h200v136c0 13.2 10.8 24 24 24zm-8 171.8c-20-12.2-33.3-29-42.7-53.8 4.5-18.5 11.6-46.6 6.2-64.2-4.7-29.4-42.4-26.5-47.8-6.8-5 18.3-.4 44.1 8.1 77-11.6 27.6-28.7 64.6-40.8 85.8-.1 0-.1.1-.2.1-27.1 13.9-73.6 44.5-54.5 68 5.6 6.9 16 10 21.5 10 17.9 0 35.7-18 61.1-61.8 25.8-8.5 54.1-19.1 79-23.2 21.7 11.8 47.1 19.5 64 19.5 29.2 0 31.2-32 19.7-43.4-13.9-13.6-54.3-9.7-73.6-7.2zM377 105L279 7c-4.5-4.5-10.6-7-17-7h-6v128h128v-6.1c0-6.3-2.5-12.4-7-16.9zm-74.1 255.3c4.1-2.7-2.5-11.9-42.8-9 37.1 15.8 42.8 9 42.8 9z\"><\/path><\/svg><\/div>\n      <div class=\"title-wrap\">\n         <h6  class=\"title\" data-title=\"Ordonnance nommant les acteurs du FOGEC\"><span>Ordonnance nommant les acteurs du FOGEC<\/span><\/h6>\t\n          <div class=\"content\">N\u00b021\/028 du 24\/05\/2021 \n<\/div>         <a class=\"button btn-txt btn-txt-arrow2 dark hr_dark\" href=\"https:\/\/fogecnew.serviceplus-llg.com\/wp-content\/uploads\/2025\/08\/Ordonnance-nomination-FOGEC.pdf\" target=\"_blank\"><span class=\"mo_module_button__container\"><span class=\"mo_module_button__cover front\"><span class=\"mo_btn_text front\">T\u00e9l\u00e9chargez<\/span><\/span><span class=\"arrows\"><span class=\"arrow\"><svg xmlns=\"http:\/\/www.w3.org\/2000\/svg\" xmlns:xlink=\"http:\/\/www.w3.org\/1999\/xlink\" x=\"0px\" y=\"0px\" width=\"30px\" height=\"18px\" viewBox=\"0 0 30 18\" enable-background=\"new 0 0 30 18\" xml:space=\"preserve\"><path class=\"handle\" d=\"M20.305,16.212c-0.407,0.409-0.407,1.071,0,1.479s1.068,0.408,1.476,0l7.914-7.952c0.408-0.409,0.408-1.071,0-1.481l-7.914-7.952c-0.407-0.409-1.068-0.409-1.476,0s-0.407,1.071,0,1.48l7.185,7.221L20.305,16.212z\"><\/path><path class=\"bar\" fill-rule=\"evenodd\" clip-rule=\"evenodd\" d=\"M1,8h28.001c0.551,0,1,0.448,1,1c0,0.553-0.449,1-1,1H1c-0.553,0-1-0.447-1-1C0,8.448,0.447,8,1,8z\"><\/path><\/svg> <svg xmlns=\"http:\/\/www.w3.org\/2000\/svg\" xmlns:xlink=\"http:\/\/www.w3.org\/1999\/xlink\" x=\"0px\" y=\"0px\" width=\"30px\" height=\"18px\" viewBox=\"0 0 30 18\" enable-background=\"new 0 0 30 18\" xml:space=\"preserve\"><path class=\"handle\" d=\"M20.305,16.212c-0.407,0.409-0.407,1.071,0,1.479s1.068,0.408,1.476,0l7.914-7.952c0.408-0.409,0.408-1.071,0-1.481l-7.914-7.952c-0.407-0.409-1.068-0.409-1.476,0s-0.407,1.071,0,1.48l7.185,7.221L20.305,16.212z\"><\/path><path class=\"bar\" fill-rule=\"evenodd\" clip-rule=\"evenodd\" d=\"M1,8h28.001c0.551,0,1,0.448,1,1c0,0.553-0.449,1-1,1H1c-0.553,0-1-0.447-1-1C0,8.448,0.447,8,1,8z\"><\/path><\/svg><\/span><\/span><\/span><\/a>      <\/div>\n   <\/div>   \n<\/div><\/div>\t\t\t\t<\/div>\n\t\t\t\t<\/div>\n\t\t\t\t\t<\/div>\n\t\t<\/div>\n\t\t\t\t\t<\/div>\n\t\t<\/section>\n\t\t\t\t\t<\/div>\n\t\t<\/div>\n\t\t\t\t\t<\/div>\n\t\t<\/section>\n\t\t\t\t<section class=\"elementor-section elementor-top-section elementor-element elementor-element-adb6a54 elementor-section-full_width bg-gradient-dark1 elementor-section-stretched elementor-section-height-default elementor-section-height-default\" data-id=\"adb6a54\" data-element_type=\"section\" data-settings=\"{&quot;background_background&quot;:&quot;gradient&quot;,&quot;stretch_section&quot;:&quot;section-stretched&quot;}\">\n\t\t\t\t\t\t<div class=\"elementor-container elementor-column-gap-default\">\n\t\t\t\t\t<div class=\"elementor-column elementor-col-100 elementor-top-column elementor-element elementor-element-b81aeaf\" data-id=\"b81aeaf\" data-element_type=\"column\">\n\t\t\t<div class=\"elementor-widget-wrap\">\n\t\t\t\t\t\t\t<\/div>\n\t\t<\/div>\n\t\t\t\t\t<\/div>\n\t\t<\/section>\n\t\t\t\t<\/div>\n\t\t","protected":false},"excerpt":{"rendered":"<p>Cadre L\u00e9gal et Vision Pr\u00e9sidentielle Le Fonds de Garantie de l\u2019Entrepreneuriat au Congo (FOGEC) est n\u00e9 d\u2019une volont\u00e9 forte : lib\u00e9rer le potentiel des entrepreneurs congolais et transformer le paysage \u00e9conomique national.Cr\u00e9\u00e9 par le D\u00e9cret n\u00b020\/032 du 31 octobre 2020, sous la vision \u00e9clair\u00e9e de Son Excellence Monsieur F\u00e9lix-Antoine TSHISEKEDI TSHILOMBO, Chef de l\u2019\u00c9tat, le [&hellip;]<\/p>\n","protected":false},"author":2,"featured_media":10175,"parent":10242,"menu_order":0,"comment_status":"closed","ping_status":"closed","template":"","meta":{"footnotes":""},"class_list":["post-10174","page","type-page","status-publish","has-post-thumbnail","hentry"],"_links":{"self":[{"href":"https:\/\/fogec.cd\/portal\/wp-json\/wp\/v2\/pages\/10174","targetHints":{"allow":["GET"]}}],"collection":[{"href":"https:\/\/fogec.cd\/portal\/wp-json\/wp\/v2\/pages"}],"about":[{"href":"https:\/\/fogec.cd\/portal\/wp-json\/wp\/v2\/types\/page"}],"author":[{"embeddable":true,"href":"https:\/\/fogec.cd\/portal\/wp-json\/wp\/v2\/users\/2"}],"replies":[{"embeddable":true,"href":"https:\/\/fogec.cd\/portal\/wp-json\/wp\/v2\/comments?post=10174"}],"version-history":[{"count":0,"href":"https:\/\/fogec.cd\/portal\/wp-json\/wp\/v2\/pages\/10174\/revisions"}],"up":[{"embeddable":true,"href":"https:\/\/fogec.cd\/portal\/wp-json\/wp\/v2\/pages\/10242"}],"wp:featuredmedia":[{"embeddable":true,"href":"https:\/\/fogec.cd\/portal\/wp-json\/wp\/v2\/media\/10175"}],"wp:attachment":[{"href":"https:\/\/fogec.cd\/portal\/wp-json\/wp\/v2\/media?parent=10174"}],"curies":[{"name":"wp","href":"https:\/\/api.w.org\/{rel}","templated":true}]}}