{"id":10784,"date":"2022-02-12T12:09:00","date_gmt":"2022-02-12T12:09:00","guid":{"rendered":"https:\/\/motivoweb.com\/zad\/?page_id=620"},"modified":"2025-09-04T15:36:31","modified_gmt":"2025-09-04T14:36:31","slug":"mot_du_dg","status":"publish","type":"page","link":"https:\/\/fogec.cd\/portal\/a-propos\/mot_du_dg\/","title":{"rendered":"Mot du Directeur G\u00e9n\u00e9ral"},"content":{"rendered":"\t\t<div data-elementor-type=\"wp-page\" data-elementor-id=\"10784\" class=\"elementor elementor-10784\">\n\t\t\t\t\t\t<section class=\"elementor-section elementor-top-section elementor-element elementor-element-09dcdf7 elementor-section-stretched elementor-section-boxed elementor-section-height-default elementor-section-height-default\" data-id=\"09dcdf7\" data-element_type=\"section\" data-settings=\"{&quot;stretch_section&quot;:&quot;section-stretched&quot;}\">\n\t\t\t\t\t\t<div class=\"elementor-container elementor-column-gap-default\">\n\t\t\t\t\t<div class=\"elementor-column elementor-col-100 elementor-top-column elementor-element elementor-element-ae0db39\" data-id=\"ae0db39\" data-element_type=\"column\">\n\t\t\t<div class=\"elementor-widget-wrap elementor-element-populated\">\n\t\t\t\t\t\t<section class=\"elementor-section elementor-inner-section elementor-element elementor-element-1ffe676 elementor-section-boxed elementor-section-height-default elementor-section-height-default\" data-id=\"1ffe676\" data-element_type=\"section\">\n\t\t\t\t\t\t<div class=\"elementor-container elementor-column-gap-default\">\n\t\t\t\t\t<div class=\"elementor-column elementor-col-50 elementor-inner-column elementor-element elementor-element-4df7c55\" data-id=\"4df7c55\" data-element_type=\"column\">\n\t\t\t<div class=\"elementor-widget-wrap elementor-element-populated\">\n\t\t\t\t\t\t<div class=\"elementor-element elementor-element-efa3c57 elementor-widget elementor-widget-spacer\" data-id=\"efa3c57\" data-element_type=\"widget\" data-widget_type=\"spacer.default\">\n\t\t\t\t\t\t\t<div class=\"elementor-spacer\">\n\t\t\t<div class=\"elementor-spacer-inner\"><\/div>\n\t\t<\/div>\n\t\t\t\t\t\t<\/div>\n\t\t\t\t<div class=\"elementor-element elementor-element-a671ffe elementor-widget elementor-widget-spacer\" data-id=\"a671ffe\" data-element_type=\"widget\" data-widget_type=\"spacer.default\">\n\t\t\t\t\t\t\t<div class=\"elementor-spacer\">\n\t\t\t<div class=\"elementor-spacer-inner\"><\/div>\n\t\t<\/div>\n\t\t\t\t\t\t<\/div>\n\t\t\t\t<div class=\"elementor-element elementor-element-d603e2a elementor-invisible elementor-widget elementor-widget-mo-image\" data-id=\"d603e2a\" data-element_type=\"widget\" data-settings=\"{&quot;_animation&quot;:&quot;fadeInLeft&quot;}\" data-widget_type=\"mo-image.default\">\n\t\t\t\t<div class=\"elementor-widget-container\">\n\t\t\t\t\t\n<div class=\"mo-img-fancy \n\n\"   >\n\t\t<div class=\"mo-img-fancy-container align-items-center \">\n\t\t\t\t<figure   >\n\t\t\t<img fetchpriority=\"high\" decoding=\"async\" width=\"768\" height=\"1000\" src=\"https:\/\/fogec.cd\/portal\/wp-content\/uploads\/2025\/08\/DG.png\" class=\"attachment-full size-full wp-image-9469\" alt=\"\" srcset=\"https:\/\/fogec.cd\/portal\/wp-content\/uploads\/2025\/08\/DG.png 768w, https:\/\/fogec.cd\/portal\/wp-content\/uploads\/2025\/08\/DG-230x300.png 230w, https:\/\/fogec.cd\/portal\/wp-content\/uploads\/2025\/08\/DG-720x938.png 720w\" sizes=\"(max-width: 768px) 100vw, 768px\" \/>\t\t\t\t\t\t\t\t\t\t\t\t\t\t<\/figure>\n\t\t\t\n\t<\/div>\n<\/div>\n\t\t\t\t<\/div>\n\t\t\t\t<\/div>\n\t\t\t\t\t<\/div>\n\t\t<\/div>\n\t\t\t\t<div class=\"elementor-column elementor-col-50 elementor-inner-column elementor-element elementor-element-8975a18\" data-id=\"8975a18\" data-element_type=\"column\">\n\t\t\t<div class=\"elementor-widget-wrap elementor-element-populated\">\n\t\t\t\t\t\t<div class=\"elementor-element elementor-element-c44c722 elementor-widget elementor-widget-spacer\" data-id=\"c44c722\" data-element_type=\"widget\" data-widget_type=\"spacer.default\">\n\t\t\t\t\t\t\t<div class=\"elementor-spacer\">\n\t\t\t<div class=\"elementor-spacer-inner\"><\/div>\n\t\t<\/div>\n\t\t\t\t\t\t<\/div>\n\t\t\t\t<div class=\"elementor-element elementor-element-f0c82e3 elementor-invisible elementor-widget elementor-widget-mo-heading-block\" data-id=\"f0c82e3\" data-element_type=\"widget\" data-settings=\"{&quot;_animation&quot;:&quot;fadeInDown&quot;}\" data-widget_type=\"mo-heading-block.default\">\n\t\t\t\t<div class=\"elementor-widget-container\">\n\t\t\t\t\t<div class=\"mo-element-mo-heading-block mo-element\">   <div class=\"mo-title-box title-box-style-6 text-left\">\n      <div class=\"content-inner\">\n                     <h5 class=\"sub-title\" data-title=\"MOT DU DIRECTEUR GENERAL\"><span>MOT DU DIRECTEUR GENERAL<\/span><\/h5>\n           \n                     <h3 class=\"title\">Laurent Munzemba Kompa<\/h3>\n                        <\/div>\n   <\/div>\n   <div class=\"clearfix\"><\/div><\/div>\t\t\t\t<\/div>\n\t\t\t\t<\/div>\n\t\t\t\t<div class=\"elementor-element elementor-element-f6c87b4 elementor-widget elementor-widget-spacer\" data-id=\"f6c87b4\" data-element_type=\"widget\" data-widget_type=\"spacer.default\">\n\t\t\t\t\t\t\t<div class=\"elementor-spacer\">\n\t\t\t<div class=\"elementor-spacer-inner\"><\/div>\n\t\t<\/div>\n\t\t\t\t\t\t<\/div>\n\t\t\t\t<div class=\"elementor-element elementor-element-2e2cf06 elementor-invisible elementor-widget elementor-widget-text-editor\" data-id=\"2e2cf06\" data-element_type=\"widget\" data-settings=\"{&quot;_animation&quot;:&quot;fadeInRight&quot;}\" data-widget_type=\"text-editor.default\">\n\t\t\t\t\t\t\t\t\t<p><strong>Chers partenaires, Chers entrepreneurs,<\/strong><\/p><p>Au c\u0153ur de la vision de Son Excellence <strong>F\u00e9lix Antoine TSHISEKEDI TSHILOMBO<\/strong>, Pr\u00e9sident de la R\u00e9publique D\u00e9mocratique du Congo, de promouvoir l\u2019entrepreneuriat national, le Fonds de Garantie de l\u2019Entreprenariat au Congo (FOGEC) est n\u00e9 d\u2019une conviction forte : <strong>aucun projet porteur ne devrait \u00e9chouer faute de financement<\/strong>.<\/p><p>En vue de faire de l\u2019entrepreneuriat un moteur essentiel de croissance, notre mission est de lever les barri\u00e8res qui freinent l\u2019acc\u00e8s au cr\u00e9dit et d\u2019ouvrir de nouvelles perspectives pour les entrepreneurs congolais.<\/p><p>L\u2019accompagnement que nous apportons est plus qu\u2019un simple m\u00e9canisme financier. C\u2019est un <strong>engagement de confiance<\/strong>, une main tendue vers les banques pour r\u00e9duire le risque, et un appui concret aux Micros, Petites et Moyennes Entreprises et Artisans Congolais pour qu\u2019elles transforment leurs id\u00e9es, leurs entreprises en r\u00e9ussites tangibles.<\/p><p>Notre ambition est claire : b\u00e2tir une \u00e9conomie <strong>inclusive, r\u00e9siliente et comp\u00e9titive<\/strong>, o\u00f9 les petites et moyennes entreprises deviennent de v\u00e9ritables piliers de d\u00e9veloppement et de cr\u00e9ation d\u2019emplois. Le FOGEC se positionne ainsi comme un catalyseur de croissance, un partenaire strat\u00e9gique et un acteur engag\u00e9 pour l\u2019avenir de notre pays.<\/p><p>Ensemble, faisons du potentiel entrepreneurial congolais une force de prosp\u00e9rit\u00e9 durable.<\/p><p>Avec toute ma consid\u00e9ration,<\/p>\t\t\t\t\t\t\t\t<\/div>\n\t\t\t\t<div class=\"elementor-element elementor-element-ea67930 elementor-widget elementor-widget-spacer\" data-id=\"ea67930\" data-element_type=\"widget\" data-widget_type=\"spacer.default\">\n\t\t\t\t\t\t\t<div class=\"elementor-spacer\">\n\t\t\t<div class=\"elementor-spacer-inner\"><\/div>\n\t\t<\/div>\n\t\t\t\t\t\t<\/div>\n\t\t\t\t<div class=\"elementor-element elementor-element-7b828fe elementor-shape-circle e-grid-align-left elementor-grid-0 elementor-widget elementor-widget-social-icons\" data-id=\"7b828fe\" data-element_type=\"widget\" data-widget_type=\"social-icons.default\">\n\t\t\t\t\t\t\t<div class=\"elementor-social-icons-wrapper elementor-grid\" role=\"list\">\n\t\t\t\t\t\t\t<span class=\"elementor-grid-item\" role=\"listitem\">\n\t\t\t\t\t<a class=\"elementor-icon elementor-social-icon elementor-social-icon-linkedin elementor-repeater-item-f1b43d0\" href=\"https:\/\/www.linkedin.com\/in\/laurent-munzemba-kompa-387b4a13\/\" target=\"_blank\">\n\t\t\t\t\t\t<span class=\"elementor-screen-only\">Linkedin<\/span>\n\t\t\t\t\t\t<svg class=\"e-font-icon-svg e-fab-linkedin\" viewBox=\"0 0 448 512\" xmlns=\"http:\/\/www.w3.org\/2000\/svg\"><path d=\"M416 32H31.9C14.3 32 0 46.5 0 64.3v383.4C0 465.5 14.3 480 31.9 480H416c17.6 0 32-14.5 32-32.3V64.3c0-17.8-14.4-32.3-32-32.3zM135.4 416H69V202.2h66.5V416zm-33.2-243c-21.3 0-38.5-17.3-38.5-38.5S80.9 96 102.2 96c21.2 0 38.5 17.3 38.5 38.5 0 21.3-17.2 38.5-38.5 38.5zm282.1 243h-66.4V312c0-24.8-.5-56.7-34.5-56.7-34.6 0-39.9 27-39.9 54.9V416h-66.4V202.2h63.7v29.2h.9c8.9-16.8 30.6-34.5 62.9-34.5 67.2 0 79.7 44.3 79.7 101.9V416z\"><\/path><\/svg>\t\t\t\t\t<\/a>\n\t\t\t\t<\/span>\n\t\t\t\t\t\t\t<span class=\"elementor-grid-item\" role=\"listitem\">\n\t\t\t\t\t<a class=\"elementor-icon elementor-social-icon elementor-social-icon-twitter elementor-repeater-item-83974bb\" href=\"https:\/\/x.com\/LMunzemba\" target=\"_blank\">\n\t\t\t\t\t\t<span class=\"elementor-screen-only\">Twitter<\/span>\n\t\t\t\t\t\t<svg class=\"e-font-icon-svg e-fab-twitter\" viewBox=\"0 0 512 512\" xmlns=\"http:\/\/www.w3.org\/2000\/svg\"><path d=\"M459.37 151.716c.325 4.548.325 9.097.325 13.645 0 138.72-105.583 298.558-298.558 298.558-59.452 0-114.68-17.219-161.137-47.106 8.447.974 16.568 1.299 25.34 1.299 49.055 0 94.213-16.568 130.274-44.832-46.132-.975-84.792-31.188-98.112-72.772 6.498.974 12.995 1.624 19.818 1.624 9.421 0 18.843-1.3 27.614-3.573-48.081-9.747-84.143-51.98-84.143-102.985v-1.299c13.969 7.797 30.214 12.67 47.431 13.319-28.264-18.843-46.781-51.005-46.781-87.391 0-19.492 5.197-37.36 14.294-52.954 51.655 63.675 129.3 105.258 216.365 109.807-1.624-7.797-2.599-15.918-2.599-24.04 0-57.828 46.782-104.934 104.934-104.934 30.213 0 57.502 12.67 76.67 33.137 23.715-4.548 46.456-13.32 66.599-25.34-7.798 24.366-24.366 44.833-46.132 57.827 21.117-2.273 41.584-8.122 60.426-16.243-14.292 20.791-32.161 39.308-52.628 54.253z\"><\/path><\/svg>\t\t\t\t\t<\/a>\n\t\t\t\t<\/span>\n\t\t\t\t\t\t\t<span class=\"elementor-grid-item\" role=\"listitem\">\n\t\t\t\t\t<a class=\"elementor-icon elementor-social-icon elementor-social-icon-facebook elementor-repeater-item-2608422\" href=\"https:\/\/web.facebook.com\/lmunzemba\" target=\"_blank\">\n\t\t\t\t\t\t<span class=\"elementor-screen-only\">Facebook<\/span>\n\t\t\t\t\t\t<svg class=\"e-font-icon-svg e-fab-facebook\" viewBox=\"0 0 512 512\" xmlns=\"http:\/\/www.w3.org\/2000\/svg\"><path d=\"M504 256C504 119 393 8 256 8S8 119 8 256c0 123.78 90.69 226.38 209.25 245V327.69h-63V256h63v-54.64c0-62.15 37-96.48 93.67-96.48 27.14 0 55.52 4.84 55.52 4.84v61h-31.28c-30.8 0-40.41 19.12-40.41 38.73V256h68.78l-11 71.69h-57.78V501C413.31 482.38 504 379.78 504 256z\"><\/path><\/svg>\t\t\t\t\t<\/a>\n\t\t\t\t<\/span>\n\t\t\t\t\t\t\t<span class=\"elementor-grid-item\" role=\"listitem\">\n\t\t\t\t\t<a class=\"elementor-icon elementor-social-icon elementor-social-icon-youtube elementor-repeater-item-ff3612b\" target=\"_blank\">\n\t\t\t\t\t\t<span class=\"elementor-screen-only\">Youtube<\/span>\n\t\t\t\t\t\t<svg class=\"e-font-icon-svg e-fab-youtube\" viewBox=\"0 0 576 512\" xmlns=\"http:\/\/www.w3.org\/2000\/svg\"><path d=\"M549.655 124.083c-6.281-23.65-24.787-42.276-48.284-48.597C458.781 64 288 64 288 64S117.22 64 74.629 75.486c-23.497 6.322-42.003 24.947-48.284 48.597-11.412 42.867-11.412 132.305-11.412 132.305s0 89.438 11.412 132.305c6.281 23.65 24.787 41.5 48.284 47.821C117.22 448 288 448 288 448s170.78 0 213.371-11.486c23.497-6.321 42.003-24.171 48.284-47.821 11.412-42.867 11.412-132.305 11.412-132.305s0-89.438-11.412-132.305zm-317.51 213.508V175.185l142.739 81.205-142.739 81.201z\"><\/path><\/svg>\t\t\t\t\t<\/a>\n\t\t\t\t<\/span>\n\t\t\t\t\t<\/div>\n\t\t\t\t\t\t<\/div>\n\t\t\t\t\t<\/div>\n\t\t<\/div>\n\t\t\t\t\t<\/div>\n\t\t<\/section>\n\t\t\t\t<div class=\"elementor-element elementor-element-2a4df4c elementor-widget elementor-widget-mo-image\" data-id=\"2a4df4c\" data-element_type=\"widget\" data-widget_type=\"mo-image.default\">\n\t\t\t\t<div class=\"elementor-widget-container\">\n\t\t\t\t\t\n<div class=\"mo-img-fancy \n\n\"   >\n\t\t<div class=\"mo-img-fancy-container align-items-center \">\n\t\t\t\t<figure   >\n\t\t\t\t\t\t\t\t\t\t\t\t\t\t\t\t\t<\/figure>\n\t\t\t\n\t<\/div>\n<\/div>\n\t\t\t\t<\/div>\n\t\t\t\t<\/div>\n\t\t\t\t\t<\/div>\n\t\t<\/div>\n\t\t\t\t\t<\/div>\n\t\t<\/section>\n\t\t\t\t<section class=\"elementor-section elementor-top-section elementor-element elementor-element-b234086 elementor-section-full_width bg-gradient-dark1 elementor-section-stretched elementor-section-height-default elementor-section-height-default\" data-id=\"b234086\" data-element_type=\"section\" data-settings=\"{&quot;background_background&quot;:&quot;gradient&quot;,&quot;stretch_section&quot;:&quot;section-stretched&quot;}\">\n\t\t\t\t\t\t<div class=\"elementor-container elementor-column-gap-default\">\n\t\t\t\t\t<div class=\"elementor-column elementor-col-100 elementor-top-column elementor-element elementor-element-9cf57ce\" data-id=\"9cf57ce\" data-element_type=\"column\">\n\t\t\t<div class=\"elementor-widget-wrap\">\n\t\t\t\t\t\t\t<\/div>\n\t\t<\/div>\n\t\t\t\t\t<\/div>\n\t\t<\/section>\n\t\t\t\t<\/div>\n\t\t","protected":false},"excerpt":{"rendered":"<p>MOT DU DIRECTEUR GENERAL Laurent Munzemba Kompa Chers partenaires, Chers entrepreneurs, Au c\u0153ur de la vision de Son Excellence F\u00e9lix Antoine TSHISEKEDI TSHILOMBO, Pr\u00e9sident de la R\u00e9publique D\u00e9mocratique du Congo, de promouvoir l\u2019entrepreneuriat national, le Fonds de Garantie de l\u2019Entreprenariat au Congo (FOGEC) est n\u00e9 d\u2019une conviction forte : aucun projet porteur ne devrait \u00e9chouer [&hellip;]<\/p>\n","protected":false},"author":2,"featured_media":9566,"parent":9457,"menu_order":0,"comment_status":"closed","ping_status":"closed","template":"","meta":{"footnotes":""},"class_list":["post-10784","page","type-page","status-publish","has-post-thumbnail","hentry"],"_links":{"self":[{"href":"https:\/\/fogec.cd\/portal\/wp-json\/wp\/v2\/pages\/10784","targetHints":{"allow":["GET"]}}],"collection":[{"href":"https:\/\/fogec.cd\/portal\/wp-json\/wp\/v2\/pages"}],"about":[{"href":"https:\/\/fogec.cd\/portal\/wp-json\/wp\/v2\/types\/page"}],"author":[{"embeddable":true,"href":"https:\/\/fogec.cd\/portal\/wp-json\/wp\/v2\/users\/2"}],"replies":[{"embeddable":true,"href":"https:\/\/fogec.cd\/portal\/wp-json\/wp\/v2\/comments?post=10784"}],"version-history":[{"count":6,"href":"https:\/\/fogec.cd\/portal\/wp-json\/wp\/v2\/pages\/10784\/revisions"}],"predecessor-version":[{"id":10996,"href":"https:\/\/fogec.cd\/portal\/wp-json\/wp\/v2\/pages\/10784\/revisions\/10996"}],"up":[{"embeddable":true,"href":"https:\/\/fogec.cd\/portal\/wp-json\/wp\/v2\/pages\/9457"}],"wp:featuredmedia":[{"embeddable":true,"href":"https:\/\/fogec.cd\/portal\/wp-json\/wp\/v2\/media\/9566"}],"wp:attachment":[{"href":"https:\/\/fogec.cd\/portal\/wp-json\/wp\/v2\/media?parent=10784"}],"curies":[{"name":"wp","href":"https:\/\/api.w.org\/{rel}","templated":true}]}}